{"id":8683,"date":"2026-09-03T01:28:32","date_gmt":"2026-09-02T23:28:32","guid":{"rendered":"https:\/\/www.stukenbrock-senne.de\/wordpress\/?post_type=tribe_events&#038;p=8683"},"modified":"2026-09-03T01:35:50","modified_gmt":"2026-09-02T23:35:50","slug":"auftaktveranstaltung-immobilienstrategie","status":"publish","type":"tribe_events","link":"https:\/\/www.stukenbrock-senne.de\/wordpress\/?tribe_events=auftaktveranstaltung-immobilienstrategie","title":{"rendered":"Auftaktveranstaltung &#8222;Immobilienstrategie&#8220;"},"content":{"rendered":"<p>Mitte 2026 haben sich das erste Mal Vertreter der Kirchengemeinden des Pastoralen Raums Am \u00d6lbach und des Erzbisch\u00f6flichen Gegenralvikariats zum Prozessauftakt &#8222;Immobilienstrategie&#8220; getroffen. Wie den Medien zu entnehmen war, m\u00fcssen sich die Verantwortlichen auch in unserem Pastoralen Raum Gedanken machen, welche kirchlichen Angebote zuk\u00fcnftig noch angeboten werden sollen aber auch angeboten werden k\u00f6nnen und welche Geb\u00e4ude hierf\u00fcr ben\u00f6tigt werden.<\/p>\n<p>Um die Gemeindemitglieder fr\u00fchzeitig in den Prozess einzubinden und ihnen die Gr\u00fcnde, die n\u00e4chsten Schritte sowie den geplanten zeitlichen Rahmen erl\u00e4utern zu k\u00f6nnen, aber auch, um vermutlich viele Fragen zu beantworten, wird zur Auftaktveranstaltung am 8. September um 19:30 Uhr in St. Marien Kaunitz herzlich eingeladen. Dort wird das Prozessteam die Anwesenden herzlich begr\u00fc\u00dfen und durch den Abend f\u00fchren. Eine Anmeldung zu dieser Auftaktveranstaltung ist nicht notwendig.<\/p>\n<p><img decoding=\"async\" src=\"https:\/\/www.stukenbrock-senne.de\/wordpress\/wp-content\/uploads\/2026\/09\/auftakt.jpg\" width=100%><\/p>\n","protected":false},"excerpt":{"rendered":"<p>Mitte 2026 haben sich das erste Mal Vertreter der Kirchengemeinden des Pastoralen Raums Am \u00d6lbach und des Erzbisch\u00f6flichen Gegenralvikariats zum Prozessauftakt &#8222;Immobilienstrategie&#8220; getroffen. Wie den Medien zu entnehmen war, m\u00fcssen &hellip; <a href=\"https:\/\/www.stukenbrock-senne.de\/wordpress\/?tribe_events=auftaktveranstaltung-immobilienstrategie\" class=\"more-link\"><span class=\"screen-reader-text\">Auftaktveranstaltung &#8222;Immobilienstrategie&#8220;<\/span> weiterlesen <span class=\"meta-nav\">&rarr;<\/span><\/a><\/p>\n","protected":false},"author":1,"featured_media":0,"template":"","meta":{"_tribe_events_status":"","_tribe_events_status_reason":"","footnotes":""},"tags":[],"tribe_events_cat":[],"class_list":["post-8683","tribe_events","type-tribe_events","status-publish","hentry"],"yoast_head":"<!-- This site is optimized with the Yoast SEO plugin v28.4 - https:\/\/yoast.com\/product\/yoast-seo-wordpress\/ -->\n<title>Auftaktveranstaltung &quot;Immobilienstrategie&quot; - Stukenbrock-Senne<\/title>\n<meta name=\"robots\" content=\"index, follow, max-snippet:-1, max-image-preview:large, max-video-preview:-1\" \/>\n<link rel=\"canonical\" href=\"https:\/\/www.stukenbrock-senne.de\/wordpress\/?tribe_events=auftaktveranstaltung-immobilienstrategie\" \/>\n<meta property=\"og:locale\" content=\"de_DE\" \/>\n<meta property=\"og:type\" content=\"article\" \/>\n<meta property=\"og:title\" content=\"Auftaktveranstaltung &quot;Immobilienstrategie&quot; - Stukenbrock-Senne\" \/>\n<meta property=\"og:description\" content=\"Mitte 2026 haben sich das erste Mal Vertreter der Kirchengemeinden des Pastoralen Raums Am \u00d6lbach und des Erzbisch\u00f6flichen Gegenralvikariats zum Prozessauftakt &#8222;Immobilienstrategie&#8220; getroffen. Wie den Medien zu entnehmen war, m\u00fcssen &hellip; Auftaktveranstaltung &#8222;Immobilienstrategie&#8220; weiterlesen &rarr;\" \/>\n<meta property=\"og:url\" content=\"https:\/\/www.stukenbrock-senne.de\/wordpress\/?tribe_events=auftaktveranstaltung-immobilienstrategie\" \/>\n<meta property=\"og:site_name\" content=\"Stukenbrock-Senne\" \/>\n<meta property=\"article:modified_time\" content=\"2026-09-02T23:35:50+00:00\" \/>\n<meta property=\"og:image\" content=\"https:\/\/www.stukenbrock-senne.de\/wordpress\/wp-content\/uploads\/2026\/09\/auftakt.jpg\" \/>\n<meta name=\"twitter:card\" content=\"summary_large_image\" \/>\n<meta name=\"twitter:label1\" content=\"Gesch\u00e4tzte Lesezeit\" \/>\n\t<meta name=\"twitter:data1\" content=\"1\u00a0Minute\" \/>\n<script type=\"application\/ld+json\" class=\"yoast-schema-graph\">{\"@context\":\"https:\\\/\\\/schema.org\",\"@graph\":[{\"@type\":\"WebPage\",\"@id\":\"https:\\\/\\\/www.stukenbrock-senne.de\\\/wordpress\\\/?tribe_events=auftaktveranstaltung-immobilienstrategie\",\"url\":\"https:\\\/\\\/www.stukenbrock-senne.de\\\/wordpress\\\/?tribe_events=auftaktveranstaltung-immobilienstrategie\",\"name\":\"Auftaktveranstaltung \\\"Immobilienstrategie\\\" - Stukenbrock-Senne\",\"isPartOf\":{\"@id\":\"https:\\\/\\\/www.stukenbrock-senne.de\\\/wordpress\\\/#website\"},\"primaryImageOfPage\":{\"@id\":\"https:\\\/\\\/www.stukenbrock-senne.de\\\/wordpress\\\/?tribe_events=auftaktveranstaltung-immobilienstrategie#primaryimage\"},\"image\":{\"@id\":\"https:\\\/\\\/www.stukenbrock-senne.de\\\/wordpress\\\/?tribe_events=auftaktveranstaltung-immobilienstrategie#primaryimage\"},\"thumbnailUrl\":\"https:\\\/\\\/www.stukenbrock-senne.de\\\/wordpress\\\/wp-content\\\/uploads\\\/2026\\\/09\\\/auftakt.jpg\",\"datePublished\":\"2026-09-02T23:28:32+00:00\",\"dateModified\":\"2026-09-02T23:35:50+00:00\",\"breadcrumb\":{\"@id\":\"https:\\\/\\\/www.stukenbrock-senne.de\\\/wordpress\\\/?tribe_events=auftaktveranstaltung-immobilienstrategie#breadcrumb\"},\"inLanguage\":\"de\",\"potentialAction\":[{\"@type\":\"ReadAction\",\"target\":[\"https:\\\/\\\/www.stukenbrock-senne.de\\\/wordpress\\\/?tribe_events=auftaktveranstaltung-immobilienstrategie\"]}]},{\"@type\":\"ImageObject\",\"inLanguage\":\"de\",\"@id\":\"https:\\\/\\\/www.stukenbrock-senne.de\\\/wordpress\\\/?tribe_events=auftaktveranstaltung-immobilienstrategie#primaryimage\",\"url\":\"https:\\\/\\\/www.stukenbrock-senne.de\\\/wordpress\\\/wp-content\\\/uploads\\\/2026\\\/09\\\/auftakt.jpg\",\"contentUrl\":\"https:\\\/\\\/www.stukenbrock-senne.de\\\/wordpress\\\/wp-content\\\/uploads\\\/2026\\\/09\\\/auftakt.jpg\",\"width\":597,\"height\":860},{\"@type\":\"BreadcrumbList\",\"@id\":\"https:\\\/\\\/www.stukenbrock-senne.de\\\/wordpress\\\/?tribe_events=auftaktveranstaltung-immobilienstrategie#breadcrumb\",\"itemListElement\":[{\"@type\":\"ListItem\",\"position\":1,\"name\":\"Startseite\",\"item\":\"https:\\\/\\\/www.stukenbrock-senne.de\\\/wordpress\\\/\"},{\"@type\":\"ListItem\",\"position\":2,\"name\":\"Veranstaltungen\",\"item\":\"https:\\\/\\\/www.stukenbrock-senne.de\\\/wordpress?post_type=tribe_events\"},{\"@type\":\"ListItem\",\"position\":3,\"name\":\"Auftaktveranstaltung &#8222;Immobilienstrategie&#8220;\"}]},{\"@type\":\"WebSite\",\"@id\":\"https:\\\/\\\/www.stukenbrock-senne.de\\\/wordpress\\\/#website\",\"url\":\"https:\\\/\\\/www.stukenbrock-senne.de\\\/wordpress\\\/\",\"name\":\"Stukenbrock-Senne\",\"description\":\"Naturerlebnis Sennelandschaft und Emsquellen\",\"potentialAction\":[{\"@type\":\"SearchAction\",\"target\":{\"@type\":\"EntryPoint\",\"urlTemplate\":\"https:\\\/\\\/www.stukenbrock-senne.de\\\/wordpress\\\/?s={search_term_string}\"},\"query-input\":{\"@type\":\"PropertyValueSpecification\",\"valueRequired\":true,\"valueName\":\"search_term_string\"}}],\"inLanguage\":\"de\"}]}<\/script>\n<!-- \/ Yoast SEO plugin. -->","yoast_head_json":{"title":"Auftaktveranstaltung \"Immobilienstrategie\" - Stukenbrock-Senne","robots":{"index":"index","follow":"follow","max-snippet":"max-snippet:-1","max-image-preview":"max-image-preview:large","max-video-preview":"max-video-preview:-1"},"canonical":"https:\/\/www.stukenbrock-senne.de\/wordpress\/?tribe_events=auftaktveranstaltung-immobilienstrategie","og_locale":"de_DE","og_type":"article","og_title":"Auftaktveranstaltung \"Immobilienstrategie\" - Stukenbrock-Senne","og_description":"Mitte 2026 haben sich das erste Mal Vertreter der Kirchengemeinden des Pastoralen Raums Am \u00d6lbach und des Erzbisch\u00f6flichen Gegenralvikariats zum Prozessauftakt &#8222;Immobilienstrategie&#8220; getroffen. Wie den Medien zu entnehmen war, m\u00fcssen &hellip; Auftaktveranstaltung &#8222;Immobilienstrategie&#8220; weiterlesen &rarr;","og_url":"https:\/\/www.stukenbrock-senne.de\/wordpress\/?tribe_events=auftaktveranstaltung-immobilienstrategie","og_site_name":"Stukenbrock-Senne","article_modified_time":"2026-09-02T23:35:50+00:00","og_image":[{"url":"https:\/\/www.stukenbrock-senne.de\/wordpress\/wp-content\/uploads\/2026\/09\/auftakt.jpg","type":"","width":"","height":""}],"twitter_card":"summary_large_image","twitter_misc":{"Gesch\u00e4tzte Lesezeit":"1\u00a0Minute"},"schema":{"@context":"https:\/\/schema.org","@graph":[{"@type":"WebPage","@id":"https:\/\/www.stukenbrock-senne.de\/wordpress\/?tribe_events=auftaktveranstaltung-immobilienstrategie","url":"https:\/\/www.stukenbrock-senne.de\/wordpress\/?tribe_events=auftaktveranstaltung-immobilienstrategie","name":"Auftaktveranstaltung \"Immobilienstrategie\" - Stukenbrock-Senne","isPartOf":{"@id":"https:\/\/www.stukenbrock-senne.de\/wordpress\/#website"},"primaryImageOfPage":{"@id":"https:\/\/www.stukenbrock-senne.de\/wordpress\/?tribe_events=auftaktveranstaltung-immobilienstrategie#primaryimage"},"image":{"@id":"https:\/\/www.stukenbrock-senne.de\/wordpress\/?tribe_events=auftaktveranstaltung-immobilienstrategie#primaryimage"},"thumbnailUrl":"https:\/\/www.stukenbrock-senne.de\/wordpress\/wp-content\/uploads\/2026\/09\/auftakt.jpg","datePublished":"2026-09-02T23:28:32+00:00","dateModified":"2026-09-02T23:35:50+00:00","breadcrumb":{"@id":"https:\/\/www.stukenbrock-senne.de\/wordpress\/?tribe_events=auftaktveranstaltung-immobilienstrategie#breadcrumb"},"inLanguage":"de","potentialAction":[{"@type":"ReadAction","target":["https:\/\/www.stukenbrock-senne.de\/wordpress\/?tribe_events=auftaktveranstaltung-immobilienstrategie"]}]},{"@type":"ImageObject","inLanguage":"de","@id":"https:\/\/www.stukenbrock-senne.de\/wordpress\/?tribe_events=auftaktveranstaltung-immobilienstrategie#primaryimage","url":"https:\/\/www.stukenbrock-senne.de\/wordpress\/wp-content\/uploads\/2026\/09\/auftakt.jpg","contentUrl":"https:\/\/www.stukenbrock-senne.de\/wordpress\/wp-content\/uploads\/2026\/09\/auftakt.jpg","width":597,"height":860},{"@type":"BreadcrumbList","@id":"https:\/\/www.stukenbrock-senne.de\/wordpress\/?tribe_events=auftaktveranstaltung-immobilienstrategie#breadcrumb","itemListElement":[{"@type":"ListItem","position":1,"name":"Startseite","item":"https:\/\/www.stukenbrock-senne.de\/wordpress\/"},{"@type":"ListItem","position":2,"name":"Veranstaltungen","item":"https:\/\/www.stukenbrock-senne.de\/wordpress?post_type=tribe_events"},{"@type":"ListItem","position":3,"name":"Auftaktveranstaltung &#8222;Immobilienstrategie&#8220;"}]},{"@type":"WebSite","@id":"https:\/\/www.stukenbrock-senne.de\/wordpress\/#website","url":"https:\/\/www.stukenbrock-senne.de\/wordpress\/","name":"Stukenbrock-Senne","description":"Naturerlebnis Sennelandschaft und Emsquellen","potentialAction":[{"@type":"SearchAction","target":{"@type":"EntryPoint","urlTemplate":"https:\/\/www.stukenbrock-senne.de\/wordpress\/?s={search_term_string}"},"query-input":{"@type":"PropertyValueSpecification","valueRequired":true,"valueName":"search_term_string"}}],"inLanguage":"de"}]}},"_links":{"self":[{"href":"https:\/\/www.stukenbrock-senne.de\/wordpress\/index.php?rest_route=\/wp\/v2\/tribe_events\/8683","targetHints":{"allow":["GET"]}}],"collection":[{"href":"https:\/\/www.stukenbrock-senne.de\/wordpress\/index.php?rest_route=\/wp\/v2\/tribe_events"}],"about":[{"href":"https:\/\/www.stukenbrock-senne.de\/wordpress\/index.php?rest_route=\/wp\/v2\/types\/tribe_events"}],"author":[{"embeddable":true,"href":"https:\/\/www.stukenbrock-senne.de\/wordpress\/index.php?rest_route=\/wp\/v2\/users\/1"}],"version-history":[{"count":3,"href":"https:\/\/www.stukenbrock-senne.de\/wordpress\/index.php?rest_route=\/wp\/v2\/tribe_events\/8683\/revisions"}],"predecessor-version":[{"id":8688,"href":"https:\/\/www.stukenbrock-senne.de\/wordpress\/index.php?rest_route=\/wp\/v2\/tribe_events\/8683\/revisions\/8688"}],"wp:attachment":[{"href":"https:\/\/www.stukenbrock-senne.de\/wordpress\/index.php?rest_route=%2Fwp%2Fv2%2Fmedia&parent=8683"}],"wp:term":[{"taxonomy":"post_tag","embeddable":true,"href":"https:\/\/www.stukenbrock-senne.de\/wordpress\/index.php?rest_route=%2Fwp%2Fv2%2Ftags&post=8683"},{"taxonomy":"tribe_events_cat","embeddable":true,"href":"https:\/\/www.stukenbrock-senne.de\/wordpress\/index.php?rest_route=%2Fwp%2Fv2%2Ftribe_events_cat&post=8683"}],"curies":[{"name":"wp","href":"https:\/\/api.w.org\/{rel}","templated":true}]}}

<p>Mitte 2026 haben sich das erste Mal Vertreter der Kirchengemeinden des Pastoralen Raums Am Ölbach und des Erzbischöflichen Gegenralvikariats zum Prozessauftakt &#8222;Immobilienstrategie&#8220; getroffen. Wie den Medien zu entnehmen war, müssen sich die Verantwortlichen auch in unserem Pastoralen Raum Gedanken machen, welche kirchlichen Angebote zukünftig noch angeboten werden sollen aber auch angeboten werden können und welche Gebäude hierfür benötigt werden.</p>
<p>Um die Gemeindemitglieder frühzeitig in den Prozess einzubinden und ihnen die Gründe, die nächsten Schritte sowie den geplanten zeitlichen Rahmen erläutern zu können, aber auch, um vermutlich viele Fragen zu beantworten, wird zur Auftaktveranstaltung am 8. September um 19:30 Uhr in St. Marien Kaunitz herzlich eingeladen. Dort wird das Prozessteam die Anwesenden herzlich begrüßen und durch den Abend führen. Eine Anmeldung zu dieser Auftaktveranstaltung ist nicht notwendig.</p>
<p><img decoding="async" src="https://www.stukenbrock-senne.de/wordpress/wp-content/uploads/2026/09/auftakt.jpg" width=100%></p>

<p>Mitte 2026 haben sich das erste Mal Vertreter der Kirchengemeinden des Pastoralen Raums Am Ölbach und des Erzbischöflichen Gegenralvikariats zum Prozessauftakt &#8222;Immobilienstrategie&#8220; getroffen. Wie den Medien zu entnehmen war, müssen &hellip; <a href="https://www.stukenbrock-senne.de/wordpress/?tribe_events=auftaktveranstaltung-immobilienstrategie" class="more-link"><span class="screen-reader-text">Auftaktveranstaltung &#8222;Immobilienstrategie&#8220;</span> weiterlesen <span class="meta-nav">&rarr;</span></a></p>

<!-- This site is optimized with the Yoast SEO plugin v28.4 - https://yoast.com/product/yoast-seo-wordpress/ -->
<title>Auftaktveranstaltung &quot;Immobilienstrategie&quot; - Stukenbrock-Senne</title>
<meta name="robots" content="index, follow, max-snippet:-1, max-image-preview:large, max-video-preview:-1" />
<link rel="canonical" href="https://www.stukenbrock-senne.de/wordpress/?tribe_events=auftaktveranstaltung-immobilienstrategie" />
<meta property="og:locale" content="de_DE" />
<meta property="og:type" content="article" />
<meta property="og:title" content="Auftaktveranstaltung &quot;Immobilienstrategie&quot; - Stukenbrock-Senne" />
<meta property="og:description" content="Mitte 2026 haben sich das erste Mal Vertreter der Kirchengemeinden des Pastoralen Raums Am Ölbach und des Erzbischöflichen Gegenralvikariats zum Prozessauftakt &#8222;Immobilienstrategie&#8220; getroffen. Wie den Medien zu entnehmen war, müssen &hellip; Auftaktveranstaltung &#8222;Immobilienstrategie&#8220; weiterlesen &rarr;" />
<meta property="og:url" content="https://www.stukenbrock-senne.de/wordpress/?tribe_events=auftaktveranstaltung-immobilienstrategie" />
<meta property="og:site_name" content="Stukenbrock-Senne" />
<meta property="article:modified_time" content="2026-09-02T23:35:50+00:00" />
<meta property="og:image" content="https://www.stukenbrock-senne.de/wordpress/wp-content/uploads/2026/09/auftakt.jpg" />
<meta name="twitter:card" content="summary_large_image" />
<meta name="twitter:label1" content="Geschätzte Lesezeit" />
	<meta name="twitter:data1" content="1 Minute" />
<script type="application/ld+json" class="yoast-schema-graph">{"@context":"https:\/\/schema.org","@graph":[{"@type":"WebPage","@id":"https:\/\/www.stukenbrock-senne.de\/wordpress\/?tribe_events=auftaktveranstaltung-immobilienstrategie","url":"https:\/\/www.stukenbrock-senne.de\/wordpress\/?tribe_events=auftaktveranstaltung-immobilienstrategie","name":"Auftaktveranstaltung \"Immobilienstrategie\" - Stukenbrock-Senne","isPartOf":{"@id":"https:\/\/www.stukenbrock-senne.de\/wordpress\/#website"},"primaryImageOfPage":{"@id":"https:\/\/www.stukenbrock-senne.de\/wordpress\/?tribe_events=auftaktveranstaltung-immobilienstrategie#primaryimage"},"image":{"@id":"https:\/\/www.stukenbrock-senne.de\/wordpress\/?tribe_events=auftaktveranstaltung-immobilienstrategie#primaryimage"},"thumbnailUrl":"https:\/\/www.stukenbrock-senne.de\/wordpress\/wp-content\/uploads\/2026\/09\/auftakt.jpg","datePublished":"2026-09-02T23:28:32+00:00","dateModified":"2026-09-02T23:35:50+00:00","breadcrumb":{"@id":"https:\/\/www.stukenbrock-senne.de\/wordpress\/?tribe_events=auftaktveranstaltung-immobilienstrategie#breadcrumb"},"inLanguage":"de","potentialAction":[{"@type":"ReadAction","target":["https:\/\/www.stukenbrock-senne.de\/wordpress\/?tribe_events=auftaktveranstaltung-immobilienstrategie"]}]},{"@type":"ImageObject","inLanguage":"de","@id":"https:\/\/www.stukenbrock-senne.de\/wordpress\/?tribe_events=auftaktveranstaltung-immobilienstrategie#primaryimage","url":"https:\/\/www.stukenbrock-senne.de\/wordpress\/wp-content\/uploads\/2026\/09\/auftakt.jpg","contentUrl":"https:\/\/www.stukenbrock-senne.de\/wordpress\/wp-content\/uploads\/2026\/09\/auftakt.jpg","width":597,"height":860},{"@type":"BreadcrumbList","@id":"https:\/\/www.stukenbrock-senne.de\/wordpress\/?tribe_events=auftaktveranstaltung-immobilienstrategie#breadcrumb","itemListElement":[{"@type":"ListItem","position":1,"name":"Startseite","item":"https:\/\/www.stukenbrock-senne.de\/wordpress\/"},{"@type":"ListItem","position":2,"name":"Veranstaltungen","item":"https:\/\/www.stukenbrock-senne.de\/wordpress?post_type=tribe_events"},{"@type":"ListItem","position":3,"name":"Auftaktveranstaltung &#8222;Immobilienstrategie&#8220;"}]},{"@type":"WebSite","@id":"https:\/\/www.stukenbrock-senne.de\/wordpress\/#website","url":"https:\/\/www.stukenbrock-senne.de\/wordpress\/","name":"Stukenbrock-Senne","description":"Naturerlebnis Sennelandschaft und Emsquellen","potentialAction":[{"@type":"SearchAction","target":{"@type":"EntryPoint","urlTemplate":"https:\/\/www.stukenbrock-senne.de\/wordpress\/?s={search_term_string}"},"query-input":{"@type":"PropertyValueSpecification","valueRequired":true,"valueName":"search_term_string"}}],"inLanguage":"de"}]}</script>
<!-- / Yoast SEO plugin. -->

Mitte 2026 haben sich das erste Mal Vertreter der Kirchengemeinden des Pastoralen Raums Am Ölbach und des Erzbischöflichen Gegenralvikariats zum Prozessauftakt &#8222;Immobilienstrategie&#8220; getroffen. Wie den Medien zu entnehmen war, müssen &hellip; Auftaktveranstaltung &#8222;Immobilienstrategie&#8220; weiterlesen &rarr;
