{"id":5829,"date":"2023-02-17T10:03:23","date_gmt":"2023-02-17T09:03:23","guid":{"rendered":"https:\/\/www.stukenbrock-senne.de\/wordpress\/?post_type=tribe_events&#038;p=5829"},"modified":"2023-03-03T07:46:31","modified_gmt":"2023-03-03T06:46:31","slug":"fussballcamp-beim-psv","status":"publish","type":"tribe_events","link":"https:\/\/www.stukenbrock-senne.de\/wordpress\/?tribe_events=fussballcamp-beim-psv","title":{"rendered":"Fu\u00dfballcamp beim PSV"},"content":{"rendered":"<p>Nach der erfolgreichen Premiere im vergangenen Herbst, veranstaltet der PSV Stukenbrock-Senne, in Kooperation mit der Fu\u00dfballfabrik OWL, auch in diesem Jahr wieder ein Fu\u00dfballcamp f\u00fcr alle Kinder zwischen 5 und 15 Jahren.<\/p>\n<p>Am letzten Wochenende der Osterferien, vom 14.04. \u2013 16.04.2023 dreht sich auf der Senne-Alm alles um \u201eTraining.Lernen.Leben\u201c!<\/p>\n<p>Neben t\u00e4glichen Trainingseinheiten vermittelt ein qualifiziertes Trainerteam in Workshops Werte wie Teamgeist oder Fairplay und kl\u00e4rt \u00fcber Themen wie Ern\u00e4hrung, Selbstst\u00e4ndigkeit, Mobbing und den Umgang mit sozialen Medien auf.<\/p>\n<p>Weitere Infos und die Anmeldung findet ihr unter www.fussballfarbrik.com<br \/>\nAnsprechpartner des PSV ist Dominik Mennewisch \/ Tel.: 0151 \u2013 56 763 166<\/p>\n<p><img decoding=\"async\" src=\"https:\/\/www.stukenbrock-senne.de\/wordpress\/wp-content\/uploads\/2023\/02\/IMG-20230217-WA0000.jpg\"><\/p>\n","protected":false},"excerpt":{"rendered":"<p>Nach der erfolgreichen Premiere im vergangenen Herbst, veranstaltet der PSV Stukenbrock-Senne, in Kooperation mit der Fu\u00dfballfabrik OWL, auch in diesem Jahr wieder ein Fu\u00dfballcamp f\u00fcr alle Kinder zwischen 5 und &hellip; <a href=\"https:\/\/www.stukenbrock-senne.de\/wordpress\/?tribe_events=fussballcamp-beim-psv\" class=\"more-link\"><span class=\"screen-reader-text\">Fu\u00dfballcamp beim PSV<\/span> weiterlesen <span class=\"meta-nav\">&rarr;<\/span><\/a><\/p>\n","protected":false},"author":1,"featured_media":0,"template":"","meta":{"_tribe_events_status":"","_tribe_events_status_reason":"","footnotes":""},"tags":[],"tribe_events_cat":[],"class_list":["post-5829","tribe_events","type-tribe_events","status-publish","hentry"],"yoast_head":"<!-- This site is optimized with the Yoast SEO plugin v27.4 - https:\/\/yoast.com\/product\/yoast-seo-wordpress\/ -->\n<title>Fu\u00dfballcamp beim PSV - Stukenbrock-Senne<\/title>\n<meta name=\"robots\" content=\"index, follow, max-snippet:-1, max-image-preview:large, max-video-preview:-1\" \/>\n<link rel=\"canonical\" href=\"https:\/\/www.stukenbrock-senne.de\/wordpress\/?tribe_events=fussballcamp-beim-psv\" \/>\n<meta property=\"og:locale\" content=\"de_DE\" \/>\n<meta property=\"og:type\" content=\"article\" \/>\n<meta property=\"og:title\" content=\"Fu\u00dfballcamp beim PSV - Stukenbrock-Senne\" \/>\n<meta property=\"og:description\" content=\"Nach der erfolgreichen Premiere im vergangenen Herbst, veranstaltet der PSV Stukenbrock-Senne, in Kooperation mit der Fu\u00dfballfabrik OWL, auch in diesem Jahr wieder ein Fu\u00dfballcamp f\u00fcr alle Kinder zwischen 5 und &hellip; Fu\u00dfballcamp beim PSV weiterlesen &rarr;\" \/>\n<meta property=\"og:url\" content=\"https:\/\/www.stukenbrock-senne.de\/wordpress\/?tribe_events=fussballcamp-beim-psv\" \/>\n<meta property=\"og:site_name\" content=\"Stukenbrock-Senne\" \/>\n<meta property=\"article:modified_time\" content=\"2023-03-03T06:46:31+00:00\" \/>\n<meta property=\"og:image\" content=\"https:\/\/www.stukenbrock-senne.de\/wordpress\/wp-content\/uploads\/2023\/02\/IMG-20230217-WA0000.jpg\" \/>\n<meta name=\"twitter:card\" content=\"summary_large_image\" \/>\n<meta name=\"twitter:label1\" content=\"Gesch\u00e4tzte Lesezeit\" \/>\n\t<meta name=\"twitter:data1\" content=\"1\u00a0Minute\" \/>\n<script type=\"application\/ld+json\" class=\"yoast-schema-graph\">{\"@context\":\"https:\\\/\\\/schema.org\",\"@graph\":[{\"@type\":\"WebPage\",\"@id\":\"https:\\\/\\\/www.stukenbrock-senne.de\\\/wordpress\\\/?tribe_events=fussballcamp-beim-psv\",\"url\":\"https:\\\/\\\/www.stukenbrock-senne.de\\\/wordpress\\\/?tribe_events=fussballcamp-beim-psv\",\"name\":\"Fu\u00dfballcamp beim PSV - Stukenbrock-Senne\",\"isPartOf\":{\"@id\":\"https:\\\/\\\/www.stukenbrock-senne.de\\\/wordpress\\\/#website\"},\"primaryImageOfPage\":{\"@id\":\"https:\\\/\\\/www.stukenbrock-senne.de\\\/wordpress\\\/?tribe_events=fussballcamp-beim-psv#primaryimage\"},\"image\":{\"@id\":\"https:\\\/\\\/www.stukenbrock-senne.de\\\/wordpress\\\/?tribe_events=fussballcamp-beim-psv#primaryimage\"},\"thumbnailUrl\":\"https:\\\/\\\/www.stukenbrock-senne.de\\\/wordpress\\\/wp-content\\\/uploads\\\/2023\\\/02\\\/IMG-20230217-WA0000.jpg\",\"datePublished\":\"2023-02-17T09:03:23+00:00\",\"dateModified\":\"2023-03-03T06:46:31+00:00\",\"breadcrumb\":{\"@id\":\"https:\\\/\\\/www.stukenbrock-senne.de\\\/wordpress\\\/?tribe_events=fussballcamp-beim-psv#breadcrumb\"},\"inLanguage\":\"de\",\"potentialAction\":[{\"@type\":\"ReadAction\",\"target\":[\"https:\\\/\\\/www.stukenbrock-senne.de\\\/wordpress\\\/?tribe_events=fussballcamp-beim-psv\"]}]},{\"@type\":\"ImageObject\",\"inLanguage\":\"de\",\"@id\":\"https:\\\/\\\/www.stukenbrock-senne.de\\\/wordpress\\\/?tribe_events=fussballcamp-beim-psv#primaryimage\",\"url\":\"https:\\\/\\\/www.stukenbrock-senne.de\\\/wordpress\\\/wp-content\\\/uploads\\\/2023\\\/02\\\/IMG-20230217-WA0000.jpg\",\"contentUrl\":\"https:\\\/\\\/www.stukenbrock-senne.de\\\/wordpress\\\/wp-content\\\/uploads\\\/2023\\\/02\\\/IMG-20230217-WA0000.jpg\",\"width\":874,\"height\":1240},{\"@type\":\"BreadcrumbList\",\"@id\":\"https:\\\/\\\/www.stukenbrock-senne.de\\\/wordpress\\\/?tribe_events=fussballcamp-beim-psv#breadcrumb\",\"itemListElement\":[{\"@type\":\"ListItem\",\"position\":1,\"name\":\"Startseite\",\"item\":\"https:\\\/\\\/www.stukenbrock-senne.de\\\/wordpress\\\/\"},{\"@type\":\"ListItem\",\"position\":2,\"name\":\"Veranstaltungen\",\"item\":\"https:\\\/\\\/www.stukenbrock-senne.de\\\/wordpress?post_type=tribe_events\"},{\"@type\":\"ListItem\",\"position\":3,\"name\":\"Fu\u00dfballcamp beim PSV\"}]},{\"@type\":\"WebSite\",\"@id\":\"https:\\\/\\\/www.stukenbrock-senne.de\\\/wordpress\\\/#website\",\"url\":\"https:\\\/\\\/www.stukenbrock-senne.de\\\/wordpress\\\/\",\"name\":\"Stukenbrock-Senne\",\"description\":\"Naturerlebnis Sennelandschaft und Emsquellen\",\"potentialAction\":[{\"@type\":\"SearchAction\",\"target\":{\"@type\":\"EntryPoint\",\"urlTemplate\":\"https:\\\/\\\/www.stukenbrock-senne.de\\\/wordpress\\\/?s={search_term_string}\"},\"query-input\":{\"@type\":\"PropertyValueSpecification\",\"valueRequired\":true,\"valueName\":\"search_term_string\"}}],\"inLanguage\":\"de\"}]}<\/script>\n<!-- \/ Yoast SEO plugin. -->","yoast_head_json":{"title":"Fu\u00dfballcamp beim PSV - Stukenbrock-Senne","robots":{"index":"index","follow":"follow","max-snippet":"max-snippet:-1","max-image-preview":"max-image-preview:large","max-video-preview":"max-video-preview:-1"},"canonical":"https:\/\/www.stukenbrock-senne.de\/wordpress\/?tribe_events=fussballcamp-beim-psv","og_locale":"de_DE","og_type":"article","og_title":"Fu\u00dfballcamp beim PSV - Stukenbrock-Senne","og_description":"Nach der erfolgreichen Premiere im vergangenen Herbst, veranstaltet der PSV Stukenbrock-Senne, in Kooperation mit der Fu\u00dfballfabrik OWL, auch in diesem Jahr wieder ein Fu\u00dfballcamp f\u00fcr alle Kinder zwischen 5 und &hellip; Fu\u00dfballcamp beim PSV weiterlesen &rarr;","og_url":"https:\/\/www.stukenbrock-senne.de\/wordpress\/?tribe_events=fussballcamp-beim-psv","og_site_name":"Stukenbrock-Senne","article_modified_time":"2023-03-03T06:46:31+00:00","og_image":[{"url":"https:\/\/www.stukenbrock-senne.de\/wordpress\/wp-content\/uploads\/2023\/02\/IMG-20230217-WA0000.jpg","type":"","width":"","height":""}],"twitter_card":"summary_large_image","twitter_misc":{"Gesch\u00e4tzte Lesezeit":"1\u00a0Minute"},"schema":{"@context":"https:\/\/schema.org","@graph":[{"@type":"WebPage","@id":"https:\/\/www.stukenbrock-senne.de\/wordpress\/?tribe_events=fussballcamp-beim-psv","url":"https:\/\/www.stukenbrock-senne.de\/wordpress\/?tribe_events=fussballcamp-beim-psv","name":"Fu\u00dfballcamp beim PSV - Stukenbrock-Senne","isPartOf":{"@id":"https:\/\/www.stukenbrock-senne.de\/wordpress\/#website"},"primaryImageOfPage":{"@id":"https:\/\/www.stukenbrock-senne.de\/wordpress\/?tribe_events=fussballcamp-beim-psv#primaryimage"},"image":{"@id":"https:\/\/www.stukenbrock-senne.de\/wordpress\/?tribe_events=fussballcamp-beim-psv#primaryimage"},"thumbnailUrl":"https:\/\/www.stukenbrock-senne.de\/wordpress\/wp-content\/uploads\/2023\/02\/IMG-20230217-WA0000.jpg","datePublished":"2023-02-17T09:03:23+00:00","dateModified":"2023-03-03T06:46:31+00:00","breadcrumb":{"@id":"https:\/\/www.stukenbrock-senne.de\/wordpress\/?tribe_events=fussballcamp-beim-psv#breadcrumb"},"inLanguage":"de","potentialAction":[{"@type":"ReadAction","target":["https:\/\/www.stukenbrock-senne.de\/wordpress\/?tribe_events=fussballcamp-beim-psv"]}]},{"@type":"ImageObject","inLanguage":"de","@id":"https:\/\/www.stukenbrock-senne.de\/wordpress\/?tribe_events=fussballcamp-beim-psv#primaryimage","url":"https:\/\/www.stukenbrock-senne.de\/wordpress\/wp-content\/uploads\/2023\/02\/IMG-20230217-WA0000.jpg","contentUrl":"https:\/\/www.stukenbrock-senne.de\/wordpress\/wp-content\/uploads\/2023\/02\/IMG-20230217-WA0000.jpg","width":874,"height":1240},{"@type":"BreadcrumbList","@id":"https:\/\/www.stukenbrock-senne.de\/wordpress\/?tribe_events=fussballcamp-beim-psv#breadcrumb","itemListElement":[{"@type":"ListItem","position":1,"name":"Startseite","item":"https:\/\/www.stukenbrock-senne.de\/wordpress\/"},{"@type":"ListItem","position":2,"name":"Veranstaltungen","item":"https:\/\/www.stukenbrock-senne.de\/wordpress?post_type=tribe_events"},{"@type":"ListItem","position":3,"name":"Fu\u00dfballcamp beim PSV"}]},{"@type":"WebSite","@id":"https:\/\/www.stukenbrock-senne.de\/wordpress\/#website","url":"https:\/\/www.stukenbrock-senne.de\/wordpress\/","name":"Stukenbrock-Senne","description":"Naturerlebnis Sennelandschaft und Emsquellen","potentialAction":[{"@type":"SearchAction","target":{"@type":"EntryPoint","urlTemplate":"https:\/\/www.stukenbrock-senne.de\/wordpress\/?s={search_term_string}"},"query-input":{"@type":"PropertyValueSpecification","valueRequired":true,"valueName":"search_term_string"}}],"inLanguage":"de"}]}},"_links":{"self":[{"href":"https:\/\/www.stukenbrock-senne.de\/wordpress\/index.php?rest_route=\/wp\/v2\/tribe_events\/5829","targetHints":{"allow":["GET"]}}],"collection":[{"href":"https:\/\/www.stukenbrock-senne.de\/wordpress\/index.php?rest_route=\/wp\/v2\/tribe_events"}],"about":[{"href":"https:\/\/www.stukenbrock-senne.de\/wordpress\/index.php?rest_route=\/wp\/v2\/types\/tribe_events"}],"author":[{"embeddable":true,"href":"https:\/\/www.stukenbrock-senne.de\/wordpress\/index.php?rest_route=\/wp\/v2\/users\/1"}],"version-history":[{"count":2,"href":"https:\/\/www.stukenbrock-senne.de\/wordpress\/index.php?rest_route=\/wp\/v2\/tribe_events\/5829\/revisions"}],"predecessor-version":[{"id":5860,"href":"https:\/\/www.stukenbrock-senne.de\/wordpress\/index.php?rest_route=\/wp\/v2\/tribe_events\/5829\/revisions\/5860"}],"wp:attachment":[{"href":"https:\/\/www.stukenbrock-senne.de\/wordpress\/index.php?rest_route=%2Fwp%2Fv2%2Fmedia&parent=5829"}],"wp:term":[{"taxonomy":"post_tag","embeddable":true,"href":"https:\/\/www.stukenbrock-senne.de\/wordpress\/index.php?rest_route=%2Fwp%2Fv2%2Ftags&post=5829"},{"taxonomy":"tribe_events_cat","embeddable":true,"href":"https:\/\/www.stukenbrock-senne.de\/wordpress\/index.php?rest_route=%2Fwp%2Fv2%2Ftribe_events_cat&post=5829"}],"curies":[{"name":"wp","href":"https:\/\/api.w.org\/{rel}","templated":true}]}}

Fußballcamp beim PSV

<p>Nach der erfolgreichen Premiere im vergangenen Herbst, veranstaltet der PSV Stukenbrock-Senne, in Kooperation mit der Fußballfabrik OWL, auch in diesem Jahr wieder ein Fußballcamp für alle Kinder zwischen 5 und 15 Jahren.</p>
<p>Am letzten Wochenende der Osterferien, vom 14.04. – 16.04.2023 dreht sich auf der Senne-Alm alles um „Training.Lernen.Leben“!</p>
<p>Neben täglichen Trainingseinheiten vermittelt ein qualifiziertes Trainerteam in Workshops Werte wie Teamgeist oder Fairplay und klärt über Themen wie Ernährung, Selbstständigkeit, Mobbing und den Umgang mit sozialen Medien auf.</p>
<p>Weitere Infos und die Anmeldung findet ihr unter www.fussballfarbrik.com<br />
Ansprechpartner des PSV ist Dominik Mennewisch / Tel.: 0151 – 56 763 166</p>
<p><img decoding="async" src="https://www.stukenbrock-senne.de/wordpress/wp-content/uploads/2023/02/IMG-20230217-WA0000.jpg"></p>

<p>Nach der erfolgreichen Premiere im vergangenen Herbst, veranstaltet der PSV Stukenbrock-Senne, in Kooperation mit der Fußballfabrik OWL, auch in diesem Jahr wieder ein Fußballcamp für alle Kinder zwischen 5 und &hellip; <a href="https://www.stukenbrock-senne.de/wordpress/?tribe_events=fussballcamp-beim-psv" class="more-link"><span class="screen-reader-text">Fußballcamp beim PSV</span> weiterlesen <span class="meta-nav">&rarr;</span></a></p>

<!-- This site is optimized with the Yoast SEO plugin v27.4 - https://yoast.com/product/yoast-seo-wordpress/ -->
<title>Fußballcamp beim PSV - Stukenbrock-Senne</title>
<meta name="robots" content="index, follow, max-snippet:-1, max-image-preview:large, max-video-preview:-1" />
<link rel="canonical" href="https://www.stukenbrock-senne.de/wordpress/?tribe_events=fussballcamp-beim-psv" />
<meta property="og:locale" content="de_DE" />
<meta property="og:type" content="article" />
<meta property="og:title" content="Fußballcamp beim PSV - Stukenbrock-Senne" />
<meta property="og:description" content="Nach der erfolgreichen Premiere im vergangenen Herbst, veranstaltet der PSV Stukenbrock-Senne, in Kooperation mit der Fußballfabrik OWL, auch in diesem Jahr wieder ein Fußballcamp für alle Kinder zwischen 5 und &hellip; Fußballcamp beim PSV weiterlesen &rarr;" />
<meta property="og:url" content="https://www.stukenbrock-senne.de/wordpress/?tribe_events=fussballcamp-beim-psv" />
<meta property="og:site_name" content="Stukenbrock-Senne" />
<meta property="article:modified_time" content="2023-03-03T06:46:31+00:00" />
<meta property="og:image" content="https://www.stukenbrock-senne.de/wordpress/wp-content/uploads/2023/02/IMG-20230217-WA0000.jpg" />
<meta name="twitter:card" content="summary_large_image" />
<meta name="twitter:label1" content="Geschätzte Lesezeit" />
	<meta name="twitter:data1" content="1 Minute" />
<script type="application/ld+json" class="yoast-schema-graph">{"@context":"https:\/\/schema.org","@graph":[{"@type":"WebPage","@id":"https:\/\/www.stukenbrock-senne.de\/wordpress\/?tribe_events=fussballcamp-beim-psv","url":"https:\/\/www.stukenbrock-senne.de\/wordpress\/?tribe_events=fussballcamp-beim-psv","name":"Fußballcamp beim PSV - Stukenbrock-Senne","isPartOf":{"@id":"https:\/\/www.stukenbrock-senne.de\/wordpress\/#website"},"primaryImageOfPage":{"@id":"https:\/\/www.stukenbrock-senne.de\/wordpress\/?tribe_events=fussballcamp-beim-psv#primaryimage"},"image":{"@id":"https:\/\/www.stukenbrock-senne.de\/wordpress\/?tribe_events=fussballcamp-beim-psv#primaryimage"},"thumbnailUrl":"https:\/\/www.stukenbrock-senne.de\/wordpress\/wp-content\/uploads\/2023\/02\/IMG-20230217-WA0000.jpg","datePublished":"2023-02-17T09:03:23+00:00","dateModified":"2023-03-03T06:46:31+00:00","breadcrumb":{"@id":"https:\/\/www.stukenbrock-senne.de\/wordpress\/?tribe_events=fussballcamp-beim-psv#breadcrumb"},"inLanguage":"de","potentialAction":[{"@type":"ReadAction","target":["https:\/\/www.stukenbrock-senne.de\/wordpress\/?tribe_events=fussballcamp-beim-psv"]}]},{"@type":"ImageObject","inLanguage":"de","@id":"https:\/\/www.stukenbrock-senne.de\/wordpress\/?tribe_events=fussballcamp-beim-psv#primaryimage","url":"https:\/\/www.stukenbrock-senne.de\/wordpress\/wp-content\/uploads\/2023\/02\/IMG-20230217-WA0000.jpg","contentUrl":"https:\/\/www.stukenbrock-senne.de\/wordpress\/wp-content\/uploads\/2023\/02\/IMG-20230217-WA0000.jpg","width":874,"height":1240},{"@type":"BreadcrumbList","@id":"https:\/\/www.stukenbrock-senne.de\/wordpress\/?tribe_events=fussballcamp-beim-psv#breadcrumb","itemListElement":[{"@type":"ListItem","position":1,"name":"Startseite","item":"https:\/\/www.stukenbrock-senne.de\/wordpress\/"},{"@type":"ListItem","position":2,"name":"Veranstaltungen","item":"https:\/\/www.stukenbrock-senne.de\/wordpress?post_type=tribe_events"},{"@type":"ListItem","position":3,"name":"Fußballcamp beim PSV"}]},{"@type":"WebSite","@id":"https:\/\/www.stukenbrock-senne.de\/wordpress\/#website","url":"https:\/\/www.stukenbrock-senne.de\/wordpress\/","name":"Stukenbrock-Senne","description":"Naturerlebnis Sennelandschaft und Emsquellen","potentialAction":[{"@type":"SearchAction","target":{"@type":"EntryPoint","urlTemplate":"https:\/\/www.stukenbrock-senne.de\/wordpress\/?s={search_term_string}"},"query-input":{"@type":"PropertyValueSpecification","valueRequired":true,"valueName":"search_term_string"}}],"inLanguage":"de"}]}</script>
<!-- / Yoast SEO plugin. -->

Fußballcamp beim PSV - Stukenbrock-Senne

Nach der erfolgreichen Premiere im vergangenen Herbst, veranstaltet der PSV Stukenbrock-Senne, in Kooperation mit der Fußballfabrik OWL, auch in diesem Jahr wieder ein Fußballcamp für alle Kinder zwischen 5 und &hellip; Fußballcamp beim PSV weiterlesen &rarr;
