{"id":22,"date":"2015-07-15T11:14:22","date_gmt":"2015-07-15T09:14:22","guid":{"rendered":"http:\/\/www.stukenbrock-senne.de\/achatius\/?page_id=22"},"modified":"2025-03-04T16:35:05","modified_gmt":"2025-03-04T15:35:05","slug":"schiessgruppe","status":"publish","type":"page","link":"https:\/\/www.stukenbrock-senne.de\/achatius\/?page_id=22","title":{"rendered":"Schie\u00dfgruppe"},"content":{"rendered":"<h2>LG\/ LP Schie\u00dfstand Sch\u00fctzenhalle<\/h2>\n<p>Unser im Jahr 2017 fertig gestellter Schie\u00dfstand besteht aus 8 vollelektronischen Luftgewehr- und Luftpistolenst\u00e4nden der Firma\u00a0 Meyton, 10m. F\u00fcr Anf\u00e4nger und Schie\u00dfsportler ohne eigene Waffe\u00a0 stehen verschiedene Vereinswaffen zur Verf\u00fcgung. Vereinseigene Schie\u00dfjacken und- westen k\u00f6nnen ebenfalls genutzt werden.<\/p>\n<p>Ein Stand ist zus\u00e4tzlich mit einem speziellem Me\u00dfrahmen f\u00fcr das Irosa Lichtpunktschie\u00dfen ausgestattet. Das Lichtpunktschie\u00dfen arbeitet mit gefahrloser Infrarot-Technik und unterliegt deshalb keiner Altersbegrenzung, somit k\u00f6nnen auch Jugendliche unter dem Mindestalter von 12 Jahren das Schie\u00dfen trainieren.<\/p>\n<p>Seit 2024 steht auch eine RedDot-Lichtschie\u00dfanlage der Firma Disag zur Verf\u00fcgung. Die RedDot-Anlage kann auf dem Schie\u00dfstand und\u00a0 bei verschiedenen Veranstaltungen mobil eingesetzt werden, um mittels Laser das Schie\u00dfen gefahrlos zu simulieren.<\/p>\n<p><a href=\"https:\/\/www.stukenbrock-senne.de\/achatius\/wp-content\/uploads\/2017\/10\/20171009_185402-e1507575619421.jpg\"><img loading=\"lazy\" decoding=\"async\" class=\"alignnone size-large wp-image-919\" src=\"https:\/\/www.stukenbrock-senne.de\/achatius\/wp-content\/uploads\/2017\/10\/20171009_185402-e1507575619421-1024x576.jpg\" alt=\"\" width=\"474\" height=\"267\" srcset=\"https:\/\/www.stukenbrock-senne.de\/achatius\/wp-content\/uploads\/2017\/10\/20171009_185402-e1507575619421-1024x576.jpg 1024w, https:\/\/www.stukenbrock-senne.de\/achatius\/wp-content\/uploads\/2017\/10\/20171009_185402-e1507575619421-300x169.jpg 300w, https:\/\/www.stukenbrock-senne.de\/achatius\/wp-content\/uploads\/2017\/10\/20171009_185402-e1507575619421-768x432.jpg 768w\" sizes=\"auto, (max-width: 474px) 100vw, 474px\" \/><\/a><\/p>\n<p><strong>Adresse unserer Sch\u00fctzenhalle\/Schie\u00dfstand:<\/strong><\/p>\n<p>Am Furlbach 27<br \/>\n33758 Schlo\u00df Holte-Stukenbrock<br \/>\n<span class=\"_QUg\">Telefon:<\/span> <a class=\"fl r-iSWSaor2STjY\" title=\"\u00dcber Hangouts anrufen\" data-number=\"+4952576928\" data-rtid=\"iSWSaor2STjY\" data-ved=\"0CHoQkAgoATAQahUKEwjt7NnIjt3GAhXK_HIKHX1AAjg\">05257 \/ 6928 <\/a><\/p>\n<p>(Am Telefon ist nur jemand bei Trainings- oder Wettkampfzeiten zu erreichen)<\/p>\n<hr \/>\n<h2>Trainingszeiten:<\/h2>\n<ul>\n<li><strong>Sch\u00fcler\/Jugend:<\/strong>\n<ul>\n<li>Montags ab 18.00 Uhr bis 19.00 Uhr<\/li>\n<\/ul>\n<\/li>\n<li><strong>Alle anderen Altersklassen:<\/strong>\n<ul>\n<li>Montags ab 19.00 Uhr bis ca. 21.00 Uhr<\/li>\n<\/ul>\n<\/li>\n<\/ul>\n<h2>Wettkampfzeiten (nach RWK-Plan):<\/h2>\n<ul>\n<li><strong>Jugend\/ Sch\u00fcler<\/strong>\n<ul>\n<li>Dienstags, Mittwoch ab 19:00 Uhr bis 20:00 Uhr<\/li>\n<\/ul>\n<\/li>\n<li><strong>Damen<\/strong>\n<ul>\n<li>Mittwochs ab 20:00 Uhr bis 21:00 Uhr<\/li>\n<\/ul>\n<\/li>\n<li><strong>Sch\u00fctzen\/ Altersklassen<\/strong>\n<ul>\n<li>Donnerstags ab 20:00 Uhr bis 22:00 Uhr<\/li>\n<\/ul>\n<\/li>\n<\/ul>\n<p>&nbsp;<\/p>\n<hr \/>\n<h2>Unsere Ansprechpartner der Schie\u00dfgruppe:<\/h2>\n<p><strong>Schie\u00dfmeister:<\/strong><br \/>\nAndreas Hachmann<br \/>\nTel.: 05257 \/ 936405<br \/>\nMobil: 0170 4300311<br \/>\nE-Mail: andreas.hachmann(at)web.de<\/p>\n<p><strong>stellvertretender Schie\u00dfmeister:<\/strong><br \/>\nWolfgang Fockel<br \/>\nTel.: 0160 7811075<\/p>\n<p>&nbsp;<\/p>\n","protected":false},"excerpt":{"rendered":"<p>LG\/ LP Schie\u00dfstand Sch\u00fctzenhalle Unser im Jahr 2017 fertig gestellter Schie\u00dfstand besteht aus 8 vollelektronischen Luftgewehr- und Luftpistolenst\u00e4nden der Firma\u00a0 Meyton, 10m. F\u00fcr Anf\u00e4nger und Schie\u00dfsportler ohne eigene Waffe\u00a0 stehen &hellip; <a href=\"https:\/\/www.stukenbrock-senne.de\/achatius\/?page_id=22\" class=\"more-link\"><span class=\"screen-reader-text\">Schie\u00dfgruppe<\/span> weiterlesen <span class=\"meta-nav\">&rarr;<\/span><\/a><\/p>\n","protected":false},"author":1,"featured_media":0,"parent":0,"menu_order":6,"comment_status":"open","ping_status":"closed","template":"","meta":{"footnotes":""},"class_list":["post-22","page","type-page","status-publish","hentry"],"_links":{"self":[{"href":"https:\/\/www.stukenbrock-senne.de\/achatius\/index.php?rest_route=\/wp\/v2\/pages\/22","targetHints":{"allow":["GET"]}}],"collection":[{"href":"https:\/\/www.stukenbrock-senne.de\/achatius\/index.php?rest_route=\/wp\/v2\/pages"}],"about":[{"href":"https:\/\/www.stukenbrock-senne.de\/achatius\/index.php?rest_route=\/wp\/v2\/types\/page"}],"author":[{"embeddable":true,"href":"https:\/\/www.stukenbrock-senne.de\/achatius\/index.php?rest_route=\/wp\/v2\/users\/1"}],"replies":[{"embeddable":true,"href":"https:\/\/www.stukenbrock-senne.de\/achatius\/index.php?rest_route=%2Fwp%2Fv2%2Fcomments&post=22"}],"version-history":[{"count":24,"href":"https:\/\/www.stukenbrock-senne.de\/achatius\/index.php?rest_route=\/wp\/v2\/pages\/22\/revisions"}],"predecessor-version":[{"id":3400,"href":"https:\/\/www.stukenbrock-senne.de\/achatius\/index.php?rest_route=\/wp\/v2\/pages\/22\/revisions\/3400"}],"wp:attachment":[{"href":"https:\/\/www.stukenbrock-senne.de\/achatius\/index.php?rest_route=%2Fwp%2Fv2%2Fmedia&parent=22"}],"curies":[{"name":"wp","href":"https:\/\/api.w.org\/{rel}","templated":true}]}}